+ -23?
-2
What is the value of 0 - (-2 + 0) - (-43 + (35 - 53))?
63
Calculate -2 + 28 + (-34 - -26) + -38.
-20
What is (10 - -2) + -4 + (3 - 0) + -13?
-2
(4 - (-1 + 2) - 0) + (-373 - -340)
-30
What is the value of -1 + 4 - (-105 - (214 + -199 - (1 + 14)))?
108
What is (-3 - (20 + -14) - -8) + (-8 - -12)?
3
What is 3 + (-13 - (6 - 13)) - -22 - (204 - 214)?
29
What is (-16 - (-68 - -35)) + -39?
-22
What is the value of -88 - (61 + -177 + 99)?
-71
What is (86 - 142) + 90 + -2?
32
Calculate 28 - (-46 - (-213 + 65)).
-74
Calculate 2 - -9 - -2 - ((-27 - 41) + 59).
22
Calculate -16 + 28 + (-16 + 24 - (0 + 1)).
19
Evaluate (-2 - 1 - (-15 + 25)) + -18 - 6.
-37
Calculate (3 - ((-10 - -9) + 5)) + -13 + -49.
-63
Evaluate 0 + 1 - ((-2 - -4) + 4) - (244 - 248).
-1
Calculate -2 - 8 - ((38 - 14) + -24 + (-127 - 12)).
129
Evaluate -11 + 13 + (26 - 87).
-59
What is -33 + 57 + (0 - -17) + -1?
40
What is 105 + -12 + -4 + -35 + 11?
65
What is the value of -54 + (74 + -136 - -36)?
-80
What is (1 - (-30 + 12)) + -31?
-12
Evaluate -2 + -9 - (0 + -49 + (37 + -30 - 3)).
34
What is -52 - (-41 - 15 - -48)?
-44
Evaluate -60 + 89 + 6 - -16.
51
Evaluate 95 + (-67 - (-30 + -47)).
105
What is 3 - (-3 + 5) - (160 - 154) - -12?
7
Evaluate 10 + -1 + -1 + -1 + (-5 - -70 - 83).
-11
(17 + -2 + 33 + -43 - 27) + 8
-14
Evaluate 42 + (-11 - 38) + -63.
-70
Calculate 8 - (-4 + 21 + -12 + 48 + -6).
-39
Evaluate 2 + -9 - (1 + 11 + (256 - 287)).
12
What is 4 + -118 + -1 + (-1762 - -1799)?
-78
(-13 - -68 - 33) + -16
6
-5 + -1 + -19 + -31 + -4
-60
What is the value of -78 + (-27 - -20 - -14) - -1?
-70
161 + (69 + -107 - 7)
116
53 + -48 + -9 + 10
6
Calculate -72 - (1 + 1) - (40 + 2 + (66 - 118)).
-64
(-8 - (1 + -18 - 29)) + 6
44
What is the value of -22 - (10 + 4 - 51)?
15
-10 + (0 - (-5 + -5)) - 43 - 1
-44
Evaluate 56 - (78 - 14 - 18).
10
What is the value of (1 - -5 - (7 - 2)) + 9 + 20?
30
8 + (-4 - (-12 + 21 + -22 - -4))
13
Evaluate 121 - (-3 - (1 + (7 - -3)) - (-39 - -34)).
130
What is the value of (21 - -2) + 3230 + -3133?
120
What is the value of 0 + (2 - 24) - (5 + -12 + 8)?
-23
Evaluate 90 - (8 + 13) - (18 - (11 - (3 - -4))).
55
What is the value of 54 + (6 - (21 + 3 + -4 - 6))?
46
Evaluate (-5 + 9 + -7 + 7 - -9) + -13 + -28.
-28
What is the value of 15 + 37 + -99 + 23?
-24
2 - (17 - (38 + 12 + -27))
8
Calculate 821 - 971 - (7 - (29 + -2)).
-130
What is -4 + 4 + 2 - (-895 - -821)?
76
Calculate -71 + -4 + 2 + -1 - (-155 - -241 - 93).
-67
Calculate -19 + 44 - 20 - 45.
-40
(113 - 45) + -89 - (-68 - 2)
49
(1190 - 1205) + 26 + -1
10
Calculate -99 + (-6 - 2) + -6 + -19 + (2 - -19).
-111
What is (51 - 22 - -2 - 7) + -31?
-7
47 - (25 + 101 - 88)
9
-1 - 1 - -1 - (28 + -137 + 78)
30
What is the value of -28 - (4 - 13 - 1) - (13 - -112)?
-143
What is (1 - 3) + (44 - -5 - -41) + -2 + -2?
84
50 + -4116 + 4165 + (-18 - 0)
81
Evaluate 57 + (10 - 11) + -38.
18
What is 17 - (6 + (-8 - (38 + -27)))?
30
Evaluate 27 + 31 - (61 - -8).
-11
What is the value of 16 - (13 + (7 + -23 + 7 + 9 - 8))?
11
What is -38 + (20 - (12 + -8 + (9 - 1) + -1))?
-29
Calculate (-1 - 34) + (-16 - -12) + -3 + 4.
-38
Calculate 71 + (20 + 0 - (113 + -99)) + -18.
59
Calculate (-19 + 13 - 10) + -45 - (0 + -2).
-59
Evaluate (-104 - -216) + -172 - 10.
-70
Calculate (292 + -1 - 299) + (-2 - 2) + (1 - 1).
-12
Calculate 0 - (-4 - -13 - 41) - (-6 + 1).
37
Calculate 28 + -7 + 5 + (4 - (-3 + (7 - 1))).
27
What is (77 - (31 - -31)) + 32?
47
What is the value of 24 + 244 + -245 + (3 - 112)?
-86
What is 3 - -22 - (-92 - (10 + -163))?
-36
Evaluate (-18 - -69) + 72 + -169.
-46
What is the value of 8 + (1 - 61 - (-75 - -82)) + -6?
-65
What is the value of -62 - (-59 + 60 - 41)?
-22
(37 - 66) + 8 + (35 - 12)
2
Calculate (0 - 14) + (56 - (-22 + 45 - 27)).
46
What is the value of -6 - 1 - (1 - -61 - ((-55 - -75) + -20))?
-69
What is -268 - -252 - (1 - (4 - -13)) - (2 + -1)?
-1
What is the value of (0 - 74) + -109 + 97 + 32?
-54
Evaluate -1806 + 1784 + -2 + 47 + -2.
21
What is the value of -99 - -86 - (-3 + 9) - 16?
-35
Evaluate (4 - (-6 + 5 + 1)) + 72 + 38 + -47.
67
(-111 - (-11 - 6) - -11) + (12 - 26)
-97
What is 18 - (22 - -16 - 19) - -16?
15
Evaluate 77 - (-175 - -116 - -116).
20
What is 159 + -56 + -35 + -77?
-9
Evaluate 148 + -94 + -84 - (-1 + 12).
-41
Calculate 2823 - 2725 - (-1 + 69).
30
-41 + (-8 - -7) + -2 - (7 + -12)
-39
What is 4 + -7 + 16 + -4 + (-10 - -13) + -23?
-11
What is -4 - (-5 + 10 + 62 + -26 + 7)?
-52
What is -92 - 81 - (3 - 136)?
-40
What is -53 + 0 + -64 + 146?
29
Calculate 4 + 9 + -8 - 17 - (262 + -357).
83
Calculate -2 - 0 - 1 - (654 - 640).
-17
(-53 + 56 - 8) + 20
15
32 + -5 + -516 + 504
15
What is the value of -38 - (42 + -129 - -35) - (1 + -88)?
101
Evaluate (94 - 3) + (4 - 16 - (6 - -10 - 28)).
91
What is -4 + 1 - (35 - 33 - (1 + (-4 - 3)))?
-11
What is the value of -2 + 1 + -16 + -1095 + 1084?
-28
-19 + -3 + (-43 - (-2 - 40))
-23
Calculate 174 - 117 - (3 + 65) - (0 + 79).
-90
Calculate (-46 - 31) + 1 + -7 - (14 + -3 - 11).
-83
Evaluate -18 - (4 + (1 - 7 - (156 - 149))) - -96.
87
What is 95 + 1 - ((53 - -1 - (-103 - -130)) + -17)?
86
What is (3 - (31 + -8)) + 42 + -43 + 97?
76
Calculate 1719 + -1729 + -32 + 0.
-42
What is 57 + -48 + -31 - -51?
29
What is the value of 42 + 8 + (-8 - (0 + 1) - (78 + -79))?
42
What is (-3 + (9 - 16 - -13) - 45) + (-23 - -27)?
-38
128 + -5 + -2 + 47 - 45
123
What is (11 - 56) + (10 - (-33 + 34))?
-36
Evaluate (-24 - -36 - (-15 + 8 + -2)) + -128.
-107
What is the value of -4 + 0 + 14 + (2 - 16) + -1?
-5
Calculate -12 - (1 + 3 + -3 + 0 - (374 + -333)).
28
19 - 0 - (-37 - -50) - (-1 - 7)
14
What is the value of (-13 - (-21 + (4 - -2) - (-11 - -8))) + 123?
122
17 + -25 + (11 - (10 + 0) - 42)
-49
What is -8 - -1 - -7 - (0 - 13) - (-65 - 1)?
79
Evaluate -79 + (-6 - (11 - 16) - 4).
-84
What is the value of (1 - 9) + -2 + (-13 - (24 + -14)) + 2?
-31
1 + 30 - ((28 - -31) + -105)
77
Calculate 11 - (-14 + 22 + 9 + (4 - 3)).
-7
What is -20 + (-38 - -95) - 37?
0
Evaluate -75 + 55 + 68 - 88.
-40
What is the value of (-40 + 39 - (17 - 13 - -13)) + 106?
88
Evaluate 121 - (104 - 51) - 123.
-55
What is the value of (109 - (65 + -4) - 35) + 17 + 0?
30
(36 - -17) + 28 - (0 - (-4 - -8))
85
Calculate -5 + (19 - (2 - 4 - -6)).
10
Evaluate -139 + (4 - (10 - 1)) - (-34 - (-59 - -39)).
-130
Evaluate 31 + -24 - (-39 + -2 + 22).
26
What is (-25 + 44 - -14) + 30 + -2?
61
What is -32 + -48 + (134 - 37)?
17
Evaluate 2 + -11 + -2 + (57 - -18).
64
21 + -7 + -17 - (-70 - (-6 - (2 + -1)))
60
Evaluate (0 - (2 - 9)) + (4 - (-15 + (12 - -9))).
5
Evaluate (0 - (0 + 36)) + (2 - -49) + -59.
-44
Calculate (-10 - (-2 - 11 - -8) - (0 + -44)) + 2.
41
(-4 - -1) + (-40 + -41 + 99 - (0 + -61))
76
Evaluate -16 - ((-19 - (18 + -11)) + 37).
-27
Calculate (-4 + 8 - 9) + (-183 - -151) - -3.
-34
What is the value of (-14 - (13 - 35)) + (-9 - 24 - -6)?
-19
What is the value of (-25 - -1 - (69 + -77)) + 13 + (10 - 26)?
-19
Calculate (-24 - -19) + 21 + (-51 - (6 - -1)).
-42
Evaluate (22 + 1 - 41) + -30.
-48
4 + -52 + -10 + 27
-31
40 + 0 + 418 + -369
89
(7 - (14 + -7) - (-10 - -20)) + -3 + -53
-66
What is -103 + 12 + 55 + -47 + 23?
-60
Evaluate -142 - ((-133 - 31) + 99).
-77
Evaluate -44 + -38 + 49 + 11.
-22
Calculate 0 + 0 + (-1 - -3) + -11 - (36 - -8).
-53
Calculate 0 + -54 + (249 - 236) + -7.
-48
Calculate -16 - (-24 + 0 + 13) - (-4 + 0 + 8).
-9
What is the value of (45 - -2) + 1280 + -1329 + (0 - 19)?
-21
6 + (2 + -20 - -26) - -13
27
What is 1 - (-22 + 4 + -9 + 13)?
15
Evaluate 51 - (13 - 0 - (3 - 7)).
34
Evaluate 42 + -41 - (2 + 2) - 5 - 11.
-19
What is 36 + (2 - 4) - (-59 + -30 + 79)?
44
Calculate (11 - (6 - 34 - -24)) + 9.
24
What is (122 + 26 - 114) + (15 - 2 - (-1 - -3))?
45
What is the value of (0 - 64) + (10 - 9 - 10 - -9)?
-64
(2 - -10 - (54 - 48)) + -2 - 44
-40
What is -1 + 67 - ((-50 - -113) + -85) - (1 + 5)?
82
20 - -1 - (322 + -267)
-34
Calculate 105 + -145 - (-74 + 2).
32
Evaluate (-63 - -10) + 327 + -198.
76
8 + (-10 - (-4 + (9 - (-58 + 7 + -5))))
-63
What is 11 - -13 - (-46 - (33 - 83))?
20
Calculate -74 + -1 + (-14 - (-6 - 7) - -16) + -7.
-67
Calculate (-3 - (29 + -37)) + (-3 - -17).
19
What is the value of 33 + -28 + -33 + 30 - 82?
-80
What is 13 - (-1 - -13 - (-648 - -662))?
15
Calculate (11 - -22 - 12) + (31 - 5 - -32).
